*5/10 + c**4/4 - 2*c**3/3 - c**2/2 - c. List the prime factors of o(z).
19
What are the prime factors of (-23895)/590*(-7372)/6?
3, 19, 97
Let b(l) = -5*l**3 - 18*l**2 - 425*l - 60. What are the prime factors of b(-15)?
2, 3, 5, 11, 29
Suppose -374*j = -407*j + 731546 - 48116. What are the prime factors of j?
2, 5, 19, 109
Let s = -9916 + 11428. What are the prime factors of s?
2, 3, 7
Let v = -71 - -73. Let b(j) = j**3 - j**2 + 2*j + 1. Let o be b(v). List the prime factors of (-9)/o*(-150 - -1).
149
Let u(z) = -z - 18. Let o be u(-20). Suppose 0 = o*n + y - 591, -3*n = 5*y - 786 - 104. What are the prime factors of n?
5, 59
Let o = -989 + 696. Let f = 291 - o. What are the prime factors of f?
2, 73
Let d = 663 - 646. Suppose -d*w + 16638 + 10341 = 0. What are the prime factors of w?
3, 23
Let s(r) = r**3 + 5*r**2 - 7*r. Let v be s(-6). Suppose 4*o = 5*i + 40, v*i + 50 = 5*o + 4*i. List the prime factors of 4/(-10) + 974/o.
97
Let f be 190/(-15) + 2/3. Let c = 41 + 24. Let w = f + c. List the prime factors of w.
53
Let j be 23/(-3)*-1*12. Let z = j + -78. Suppose -18*k + 628 = -z*k. List the prime factors of k.
157
Let x(p) = p - 19. Let j be x(21). Let g(c) = 941 + c - c**j - 925 - 26*c. What are the prime factors of g(-19)?
2, 5, 13
Let f be -4*(-20)/15*-18. Let i be 22/55 + (f/(-5))/2. Let m(w) = w**3 - 11*w**2 + 17*w - 29. List the prime factors of m(i).
41
Suppose 453437 = 6*m + 157115. List the prime factors of m.
13, 29, 131
Let z(w) = 9*w**2 - 62*w + 29. Let a be (-3)/(-6)*2*3. Let i(c) = -4*c**2 + 31*c - 15. Let x(y) = a*z(y) + 7*i(y). What are the prime factors of x(22)?
2, 3, 5
Suppose -4*a + 1865 = -5*g, -3*a + 5*a - 928 = -2*g. List the prime factors of a.
3, 5, 31
Suppose 9*l = -4*q + 11*l + 5244, 0 = -3*q + 5*l + 3926. What are the prime factors of -3 + 11/(88/q)?
7, 23
Let z be (-2)/(-7) - 2442/21. Let v = z - -693. Suppose -13*h = -v - 463. What are the prime factors of h?
2, 5
Suppose 16*n = 3717 + 8379. What are the prime factors of n?
2, 3, 7
Suppose 0 = 14*s - 111 - 1. Suppose -2*n = 3*h - 12, -4*n + s = -4*h + 2*h. Suppose 4*l + 0*j = 3*j + 672, -h*j + 863 = 5*l. List the prime factors of l.
3, 19
Let b be 248/(-6) + 17/51. Let x = b + 49. What are the prime factors of 6/x - (-10256)/64?
7, 23
Let c(g) = -g**2 - 17*g - 6. Let n = -42 + 35. Let o(d) = d**2 + 10*d + 11. Let a be o(n). List the prime factors of c(a).
2
Suppose 47351 = 9*d - 8674. List the prime factors of d.
3, 5, 83
Suppose 7*r = 9*r + 15352. Let f be (-2)/(-8) + r/(-16). Suppose -2*n = 4*n - f. List the prime factors of n.
2, 5
Suppose -3*g = -5*u - 57, u + 2*u + 23 = -g. Let z be 102/(0 + u/(-12)). Suppose 2*d - z = -2*d. List the prime factors of d.
2, 17
Let g = 313 - 141. Let r = -82 + g. Let a = 25 + r. List the prime factors of a.
5, 23
Let u = -13754 + 16605. List the prime factors of u.
2851
Let u(a) = -a**3 - 10*a**2 - 8*a + 13. Let c be u(-9). List the prime factors of (-1 + 2)/(c - 2926/732).
2, 3, 61
Let q(z) = -z**2 + 302*z + 153. What are the prime factors of q(115)?
2, 7, 13, 17
Let n(r) = -r**3 - 3*r**2 + 3*r - 3. Let h be 8*(0 - -4*(-2)/16). Let i be n(h). List the prime factors of ((-51168)/30)/(-8) - i/5.
3, 71
Suppose 0 = -5*y + 15, 2*c + 22*y = 18*y + 40812. List the prime factors of c.
2, 3, 5, 17
Let o be (-78)/(-13)*(-8)/(-3). Suppose 45*g = o*g + 20793. What are the prime factors of g?
3, 239
Let j(w) = 60*w**2 - 5*w - 7. Let k(c) = 61*c**2 - 6*c - 7. Let l(i) = 5*j(i) - 4*k(i). What are the prime factors of l(-2)?
3, 73
Suppose 5*w - 29 = 26. Let c = w + -8. List the prime factors of (88/c)/(1/18*6).
2, 11
Suppose -21 + 20 = d. Let a be 4 + (-4 - 1) - (-2)/d. List the prime factors of 3*(-39)/6*10/a.
5, 13
Let c be 2/15 + 1956/180. Let d(g) be the third derivative of g**6/120 - g**5/6 - g**4/6 - g**3/6 - 2*g**2. List the prime factors of d(c).
2, 19
Suppose 8673 = 40*q - 262529 - 86438. What are the prime factors of q?
8941
Suppose -55 - 445 = 4*w. What are the prime factors of 1882/12 + w/150?
2, 3, 13
Suppose -5*v = 3*m - 22, 1 + 12 = 3*v + 2*m. Suppose -3*i = 3*k - v*i - 592, 5*k = 5*i + 985. Suppose k = q + q. List the prime factors of q.
3, 11
Let r = 662 - 32. List the prime factors of r.
2, 3, 5, 7
Let g(q) = q**3 + 13*q**2 + 9*q - 6. Let d be g(-18). List the prime factors of (5/(-10))/(3/d).
2, 149
Let m = 1388 - 606. Suppose 10*k + m = 5182. List the prime factors of k.
2, 5, 11
Let v = 28 - 25. Suppose v*x = -3*x + 948. Let y = 236 - x. What are the prime factors of y?
2, 3, 13
Suppose 58*q + 2058 = -82*q + 1987958. List the prime factors of q.
5, 2837
Let t(k) = 28*k**3 - 13*k**2 - 155*k + 1969. What are the prime factors of t(11)?
7, 11, 467
Suppose 6*c = 9*c. Suppose 12*a - 11*a = c. Suppose 2*n + j - 19 = a, 3*j - 4*j = -5*n + 65. List the prime factors of n.
2, 3
Let m = 26181 + -14729. What are the prime factors of m?
2, 7, 409
What are the prime factors of (-2 - 0)/((2/(-6))/((-7902)/(-12)))?
3, 439
Let r(s) be the first derivative of 36 + 3*s**2 + 2*s**2 + 23*s + 2 - 9*s**2. List the prime factors of r(-6).
71
Suppose 855927 + 436599 + 361337 = 37*p. What are the prime factors of p?
44699
What are the prime factors of (8807/(-7))/(72/(-168)) + 5/15?
2, 367
Suppose 4*d = 23*d - 76. Suppose -2*t + 372 = -5*b + 1867, 4*t - 1196 = -d*b. List the prime factors of b.
13, 23
Suppose 4*b = -0*b + h + 60, -3*b + 32 = -4*h. Let o(f) = -48*f**2 + 17 - f + 115*f**2 - b. What are the prime factors of o(1)?
67
Suppose -5*k - 85240 = -5*l, 17042 = 46*l - 45*l + 5*k. List the prime factors of l.
17047
Let z(b) = b**2 - 13*b - 60. Let s be z(-4). What are the prime factors of 6 - (-1430 + s - 3)?
3, 53
Let f(n) = -1755*n**3 - 446*n**2 + 6*n + 12. List the prime factors of f(-3).
3, 5, 7, 59
Let b(s) = s**3 + 15*s**2 + 7*s + 19. Let j = 112 + -124. What are the prime factors of b(j)?
367
What are the prime factors of 100*-6*(327/(-24) + (-2)/(-2))?
3, 5, 101
Let q(p) = -5*p**2 + 42*p + 15. Let o be q(9). What are the prime factors of (-1)/(o/42 + 195/707)?
101
Let q(n) = -n**3 - 19*n**2 + 20*n - 722. What are the prime factors of q(-35)?
2, 61, 149
Let m = -19104 - -21487. List the prime factors of m.
2383
Let m(y) = 11*y + 16. Let s be m(4). Let v = s + -58. Suppose -37 = -5*h - t - 3*t, -v*t = -5*h + 49. What are the prime factors of h?
3
Let l = 7932 + -2588. List the prime factors of l.
2, 167
Let i(x) = 19*x - 16*x + 10 - 15*x. Let b be i(3). List the prime factors of b/((4/10)/(55/(-25))).
11, 13
Suppose 4*q = -16, x = -111*q + 106*q + 4934. List the prime factors of x.
2, 2477
Let p = -10135 + 16726. What are the prime factors of p?
3, 13
Let z(o) = -17*o + o - 8*o - o - 17. List the prime factors of z(-6).
7, 19
Let t be 354/18 - ((-2)/3)/(-1). Let h = t - 17. Suppose h*r + 50 = 2*v + r, -3*r = -v + 15. List the prime factors of v.
3
Let j(p) = -2*p**2 + 12*p - 14. Let q be j(5). Let w be (3 - (-6)/q)/((-6)/616). Let l = 231 + w. What are the prime factors of l?
7, 11
Suppose -4*l + 4344 = -4*x - 6*l, -5*x - 3*l = 5431. Let t = 1557 + x. List the prime factors of t.
2, 59
Let y(t) = -t**3 + 20*t**2 + 38*t + 48. Suppose 4*u = -5 + 89. List the prime factors of y(u).
3, 5
Suppose -4*v + 1208 = o, -3*o + 17*v = 14*v - 3654. Let m = o + -816. List the prime factors of m.
2, 5
Suppose 12*o = -20 + 104. What are the prime factors of (-167772)/(-462) - (1/o - 0)?
3, 11
Suppose z + q - 52993 = 0, 0 = -5*z + 2*q + 307172 - 42263. What are the prime factors of z?
5, 10597
Suppose 0 = 3*l + d - 372 - 260, 2*d + 206 = l. Let o = 820 + l. What are the prime factors of o?
2, 5, 103
Suppose 0 = -4*u + 45 - 9. Suppose u = 6*v - 15. Suppose -56 = -4*d + 6*r - 2*r, 5*d - 65 = v*r. What are the prime factors of d?
3
Suppose 41 = 4*r + 33. Suppose 4*f = r*f - 36. What are the prime factors of ((-50)/f + 2/9)*39?
3, 13
Let g(m) = -6 + 4 + 46*m + 0 + 15*m. Let t be g(4). What are the prime factors of 6/(-15) + t/5?
2, 3
Let l(d) = -d**2 - 30*d + 5. Let a be l(-30). Suppose -2344 = -5*v + 4*n, a*v + 2*n - 675 = 1693. What are the prime factors of v?
2, 59
Suppose 0 = 3*h + 4*k - 16, -5*h - 5*k + 21 = -h. Suppose -9*r + 1200 = -h*r. Suppose 11*f - r = 8*f. List the prime factors of f.
2, 5
Let f be (-523)/(-4) - 1/(-4). Suppose 4*b - 4*d =